{"id":19,"date":"2018-04-01T12:31:48","date_gmt":"2018-04-01T10:31:48","guid":{"rendered":"http:\/\/www.martinnoda.com\/?page_id=19"},"modified":"2019-05-10T17:27:04","modified_gmt":"2019-05-10T15:27:04","slug":"apropos-contact","status":"publish","type":"page","link":"http:\/\/www.martinnoda.com\/?page_id=19","title":{"rendered":"A propos\/Contact"},"content":{"rendered":"<p><strong>Adresse mail :<\/strong> martinnoda@gmail.com<\/p>\n<p><strong>T\u00e9l\u00e9phone :<\/strong> +33 6 03 65 28 77<\/p>\n<p>Membre du studio <a href=\"http:\/\/hanslucas.com\/mnoda\/multimedia\">Hans Lucas<\/a><\/p>\n<p><a href=\"https:\/\/www.facebook.com\/martinnodaphoto\/\"><strong>Facebook<\/strong><\/a> <strong>&#8211; <a href=\"https:\/\/www.instagram.com\/martin.noda\/\">Instagram<\/a> &#8211; <a href=\"https:\/\/twitter.com\/MartnNoda\">Twitter<\/a><\/strong><\/p>\n<p dir=\"ltr\">N\u00e9 \u00e0 Buenos Aires en 1979, Martin Noda s\u2019installe en France en 2009. Apr\u00e8s des \u00e9tudes en \u00c9conomie et Sociologie \u00e0 l&rsquo;Universit\u00e9 de Buenos Aires ainsi qu&rsquo;\u00e0 l&rsquo;EHESS \u00e0 Paris, il reprend le chemin de la photographie en 2015. D&rsquo;abord en tant que photojournaliste, il publie ses clich\u00e9s sur diff\u00e9rents sites internet et participe \u00e0 des expositions collectives : Bourse du Travail de Paris (09\/2016), lors du Forum \u00ab\u00a0La cultura en la encrucijada\u00a0\u00bb \u00e0 Buenos Aires (11\/2016), \u00a0\u00ab\u00a0La Bobine\u00a0\u00bb \u00e0 Grenoble (01\/2017), \u00e0 l&rsquo;IFME de N\u00eemes, organis\u00e9e par la galerie NegPos (05\/2017) et \u00ab\u00a0Gilets Jaunes II\u00a0\u00bb, Gal\u00e9rie NegPos \u00e0 N\u00eemes (04\/2019) . Il travaille aussi en tant que photographe de spectacles notamment pour l\u2019\u00c9ventuel h\u00e9risson bleu, ensemble de cr\u00e9ation th\u00e9\u00e2trale, Miroirs \u00c9tendus, compagnie lyrique, et La Br\u00e8che festival. Depuis 2019 il est membre du studio Hans Lucas<\/p>\n","protected":false},"excerpt":{"rendered":"<p>Adresse mail : martinnoda@gmail.com T\u00e9l\u00e9phone : +33 6 03 65 28 77 Membre du studio Hans Lucas Facebook &#8211; Instagram &#8211; Twitter N\u00e9 \u00e0 Buenos Aires en 1979, Martin Noda s\u2019installe en France en 2009. Apr\u00e8s des \u00e9tudes en \u00c9conomie et Sociologie \u00e0 l&rsquo;Universit\u00e9 de Buenos Aires ainsi qu&rsquo;\u00e0 l&rsquo;EHESS \u00e0 Paris, il reprend le [&hellip;]<\/p>\n","protected":false},"author":1,"featured_media":0,"parent":0,"menu_order":0,"comment_status":"closed","ping_status":"closed","template":"","meta":{"footnotes":""},"_links":{"self":[{"href":"http:\/\/www.martinnoda.com\/index.php?rest_route=\/wp\/v2\/pages\/19"}],"collection":[{"href":"http:\/\/www.martinnoda.com\/index.php?rest_route=\/wp\/v2\/pages"}],"about":[{"href":"http:\/\/www.martinnoda.com\/index.php?rest_route=\/wp\/v2\/types\/page"}],"author":[{"embeddable":true,"href":"http:\/\/www.martinnoda.com\/index.php?rest_route=\/wp\/v2\/users\/1"}],"replies":[{"embeddable":true,"href":"http:\/\/www.martinnoda.com\/index.php?rest_route=%2Fwp%2Fv2%2Fcomments&post=19"}],"version-history":[{"count":8,"href":"http:\/\/www.martinnoda.com\/index.php?rest_route=\/wp\/v2\/pages\/19\/revisions"}],"predecessor-version":[{"id":2310,"href":"http:\/\/www.martinnoda.com\/index.php?rest_route=\/wp\/v2\/pages\/19\/revisions\/2310"}],"wp:attachment":[{"href":"http:\/\/www.martinnoda.com\/index.php?rest_route=%2Fwp%2Fv2%2Fmedia&parent=19"}],"curies":[{"name":"wp","href":"https:\/\/api.w.org\/{rel}","templated":true}]}}